0 and k?
5
Let p(q) = 21*q - 6. Let l be p(3). Suppose r = 9 + l. Calculate the highest common factor of r and 44.
22
Suppose w = -4*l + 24, w - 3*l = l + 56. Let q = -4503 - -4508. What is the highest common factor of q and w?
5
Let n = 625 - -51. Let o = n - 346. Calculate the highest common divisor of o and 30.
30
Let g(y) = -7*y - 6. Let m be g(-3). Suppose -61 - m = -4*b. What is the highest common factor of 57 and b?
19
Let t be -3 + (95 - 1) - (-6)/(-2). Let j = t + -72. Calculate the greatest common divisor of j and 8.
8
Let c be (-2)/10 + 105/25. Let p = -66 + 96. Suppose -114 = -4*q + p. Calculate the greatest common factor of c and q.
4
Suppose 19 = -8*l - 5. Let q(m) = 3*m**2 + 6*m + 6. Let t be q(l). What is the greatest common divisor of 165 and t?
15
Suppose 2*s - 5*u = 353, 4*s - 3*u + 867 = 9*s. Suppose 218 = 5*n + 2*p, -4*n - 2*p = -0*n - s. What is the highest common divisor of 4 and n?
4
Suppose 4*w + 4*t + 5 = -11, 0 = 5*w + 2*t + 20. Let h be (w/(-6))/(2/(-3)). Let m be (-2 - -176) + h*3. Calculate the highest common divisor of 19 and m.
19
Let d(i) = -i**3 - 7*i**2 + 16*i + 7. Let k be d(-9). Let x be (-10)/k + (-96)/(-15). What is the greatest common factor of 78 and x?
6
Let n = -208 + 243. Suppose -o + 4 + 1 = 0. What is the highest common divisor of o and n?
5
Let u = 140 + -136. Suppose -4*q + 76 = -4*d, -q + 19 = -0*q + 5*d. Let j be q - (-1 + (2 - -2)). What is the greatest common divisor of j and u?
4
Let v be 34/9 - (-1)/((-36)/(-8)). Let g = -64 - -108. What is the highest common divisor of v and g?
4
Suppose 2*u = -0*u + 20. Suppose 5 = y + k - 0*k, 0 = 5*y + 2*k - 28. Calculate the greatest common factor of y and u.
2
Let w be (0 - 30/5)/(-3). Let t be (-1)/(-2) + (-3)/6. Let b be 2 + t - (-14 - 0). Calculate the highest common divisor of w and b.
2
Let i(t) = -14*t. Let x be i(-5). Suppose -4*q = 6 - x. What is the greatest common divisor of 64 and q?
16
Let o be 34 + (-3 + 6 - 5). Calculate the highest common factor of o and 6.
2
Let w = -332 + 392. Calculate the greatest common factor of 20 and w.
20
Suppose -77*v - 3234 = -110*v. What is the greatest common divisor of v and 42?
14
Let d(r) = -r**3 + 14*r**2 + 15*r + 16. Let n be d(15). Calculate the highest common divisor of 128 and n.
16
Suppose -3*p + 5*z + 100 = 0, 2*p + 168 = 6*p + 2*z. What is the highest common factor of p and 20?
20
Let j = 12 + 0. Let n be 1/(1 - 3 - (-15709)/7843). Suppose -5*i = -3 - 2, 0 = -4*w - 5*i + n. Calculate the greatest common factor of j and w.
12
Suppose j + 53 = 217. Let m = j + -89. What is the highest common divisor of m and 15?
15
Let p be (3 - 1)/(4/26). Suppose -p + 1 = -4*m. Suppose -a + 249 + 67 = m*j, 4*j = -2*a + 422. Calculate the highest common divisor of j and 15.
15
Let l = 1116 + -940. What is the highest common factor of l and 72?
8
Let c(v) = -5*v + 1. Let g be c(-3). Suppose 0 = -19*z - 32*z + 2090 - 458. Calculate the greatest common factor of z and g.
16
Let z = -9 - -4. Let y be -2 - 1 - (z - 0). Suppose 244 = y*c - 0*q + 4*q, -3*c + q + 401 = 0. What is the highest common divisor of 12 and c?
12
Let w(p) = -2*p**3 - 2*p**2 - 2*p + 4. Let q be w(2). Let c = q - -6. Let o be (4/(-3))/(1/c). What is the highest common factor of 24 and o?
24
Let w(v) = -2*v**3 - 23*v**2 - 9*v + 23. Let r be w(-11). Let h be -4 - ((-3)/1 - 6). What is the greatest common divisor of r and h?
1
Suppose -w = -3*m + w + 564, -3*m + 567 = -w. Calculate the greatest common factor of m and 76.
38
Suppose 0 = -3*h - 15, -2*h - 115 = -p - 2*p. Let z be 6 + (3 - 2) - -378. What is the highest common divisor of p and z?
35
Let f be -63 - (-6)/((12/2)/(-3)). Let h = -50 - f. Calculate the highest common factor of 4 and h.
4
Let v(h) = h + 22. Let j be v(-12). Suppose -2*g + j = -4. Let u be ((-1)/1)/(2/(-154)). What is the greatest common factor of u and g?
7
Suppose -2174 = -5*a - 4*l, a - 137 = l + 296. Calculate the highest common factor of 155 and a.
31
Let c be (-6)/2 - (-17 - -8). Let j be c/(-9) - 6/(-9). Suppose j = o - 2*o + 56. What is the greatest common factor of o and 14?
14
Suppose 8*a - 4 - 156 = 0. Let c(z) = -17*z - 2. Let b be c(-6). Calculate the highest common factor of b and a.
20
Let y = -1603 - -1933. Calculate the highest common divisor of 6 and y.
6
Suppose 175*k - 194*k + 3553 = 0. Calculate the greatest common factor of 51 and k.
17
Let c(y) = 9*y**3 - y**2. Suppose -4 = 4*v - 20. Let o be c(v). Let w be ((-2)/(-4))/(20/o). What is the highest common divisor of w and 28?
14
Let j be 40/(-1 - 3)*2/(-2). Let o be (-10)/4*(-132)/3. Calculate the greatest common divisor of o and j.
10
Suppose 12*d + 2*d - 840 = 0. What is the greatest common factor of d and 240?
60
Suppose 2*m = m - 4*k + 14, m - 5 = -k. Suppose 34 = 2*r - 2*v, -4*r - m*v - v = -61. Suppose 2*y + 0 = r. What is the greatest common factor of 40 and y?
8
Let c(o) = o**2 + 38*o + 74. Let l be c(-36). Let v = 66 - 44. Calculate the greatest common factor of l and v.
2
Suppose 53*a - 50*a - 15 = 0. Suppose -4*z = o - 21, a*o + 3*z + 0*z = 122. Calculate the highest common divisor of o and 125.
25
Let i = 988 - 979. Calculate the highest common factor of i and 639.
9
Suppose -10 = 2*o - 4*o. Suppose 5*w - o*s - 225 = -0*w, -4*s = -2*w + 90. Let d = -8996 + 9001. What is the greatest common factor of w and d?
5
Suppose -350 = 1014*s - 1019*s. Calculate the greatest common factor of 392 and s.
14
Let l = -29 + 37. What is the highest common factor of l and 256?
8
Let z(q) = -11*q - 11. Suppose 5*l = 5*r, -8*r = -3*r - l + 16. Let p be z(r). What is the greatest common factor of 22 and p?
11
Let o be (-7)/5 - (-1761)/15. Calculate the greatest common divisor of o and 20.
4
Suppose 5*p = -0*p + 210. Suppose 7*m - 91 = p. What is the highest common divisor of m and 95?
19
Let f = 30 - 26. Let w be (-2)/f*-178 - (-3 + 4). Calculate the greatest common divisor of 8 and w.
8
Let x be (-4)/(-14) - 608/(-28). Suppose -j - 3*j + 440 = 0. Calculate the highest common divisor of j and x.
22
Suppose 4*j = 2*d - 8, 0 = 5*d + 2*j + 3*j - 5. Suppose q - d*q + 31 = 0. What is the greatest common factor of q and 31?
31
Suppose 0 = -i - 1, -5*i + 2873 = 5*h - 3*i. Calculate the highest common factor of h and 920.
115
Let v(b) = -3*b + 36 + 27 - 82. Let r be v(-13). What is the highest common divisor of r and 15?
5
Let z be 63/(-6)*(-44)/6. Let d be (-4 - 1) + 3 - (-15 - -2). What is the greatest common factor of z and d?
11
Let y = -4 + -4. Let n = y - -8. Suppose -3*s + 209 + 7 = n. What is the greatest common divisor of s and 18?
18
Let d(y) = 6 + y + 1 + 17. Let t be d(-12). What is the highest common factor of t and 108?
12
Suppose -8*p + 296 = 160. Calculate the greatest common divisor of 17 and p.
17
Let j = -14 + 20. Suppose 0 = -j*b + 3*b - 5*w - 34, w = -5*b - 42. Let f(q) = q**2 + 4*q - 8. Let g be f(b). Calculate the highest common divisor of g and 8.
8
Let t(p) = -1 - 2 + p + 12 + 4. Let r be t(5). Let k(d) = -32*d + 2. Let o be k(-5). Calculate the greatest common factor of o and r.
18
Suppose -3*l = -3*q - 63, -2*l = -4*l + 3*q + 47. Suppose 5*j + 649 = 3*w, -3*w - 2*j + 181 = -433. What is the greatest common divisor of l and w?
16
Suppose 4*y - 908 = -3*a, -a - 8*y + 299 = -3*y. Calculate the greatest common factor of 16 and a.
16
Let z be ((-7 + 151)/8)/(2 + 0). What is the highest common divisor of 3 and z?
3
Suppose 4686 = -9*n + 7*n. Let k be n/(-7) - 2/(-7). Suppose 5*i = 3*f + k, 0 = -i - 3*f - f + 44. What is the greatest common divisor of i and 8?
8
Let q(t) = 6*t**2 + 59*t + 15. Let k be q(-13). Let w = -229 - -416. Let p = k - w. What is the highest common divisor of p and 15?
15
Let b = -1785 + 3290. Calculate the highest common factor of b and 35.
35
Suppose 0 = -h - 4, 5*d - 379 - 438 = -2*h. Let q = 300 - d. Calculate the highest common factor of 45 and q.
45
Let i(h) = -h**2 + 7*h + 7. Let v be i(6). Suppose d = 4*x + 68, 5*x - 24 - 8 = -d. Calculate the highest common divisor of v and d.
13
Let o = 126 - 76. Suppose 7*c + 5*j = 8*c - 40, -5*c + 200 = -j. Calculate the highest common divisor of c and o.
10
Let t be (-10)/(-25)*-5*3/(-2). Suppose -3*a - 12 = -5*s, 14 = 2*s + t*s - a. Calculate the highest common divisor of 33 and s